{"id":3589,"date":"2024-09-26T00:38:45","date_gmt":"2024-09-26T00:38:45","guid":{"rendered":"https:\/\/ozelgokkusagi.com.tr\/site1\/?page_id=3589"},"modified":"2024-10-12T15:37:09","modified_gmt":"2024-10-12T15:37:09","slug":"ozel-ogrenme-guclugu-beli%cc%87rti%cc%87leri%cc%87-ve-ozelli%cc%87kleri%cc%87-nelerdi%cc%87r","status":"publish","type":"page","link":"https:\/\/ozelgokkusagi.com.tr\/site1\/ozel-ogrenme-guclugu-beli%cc%87rti%cc%87leri%cc%87-ve-ozelli%cc%87kleri%cc%87-nelerdi%cc%87r\/","title":{"rendered":"\u00d6zel \u00d6\u011frenme G\u00fc\u00e7l\u00fc\u011f\u00fc Belirtileri ve \u00d6zellikleri Nelerdir"},"content":{"rendered":"<p>[vc_row rt_row_background_width=&#8221;default&#8221; rt_row_style=&#8221;default-style&#8221; rt_row_borders=&#8221;&#8221; rt_row_paddings=&#8221;true&#8221; rt_bg_effect=&#8221;classic&#8221; rt_bg_image_repeat=&#8221;repeat&#8221; rt_bg_size=&#8221;cover&#8221; rt_bg_position=&#8221;right top&#8221; rt_bg_attachment=&#8221;scroll&#8221; rt_bg_video_format=&#8221;self-hosted&#8221;][vc_column rt_wrp_col_paddings=&#8221;false&#8221; rt_border_top=&#8221;&#8221; rt_border_bottom=&#8221;&#8221; rt_border_left=&#8221;&#8221; rt_border_right=&#8221;&#8221; rt_border_top_mobile=&#8221;&#8221; rt_border_bottom_mobile=&#8221;&#8221; rt_border_left_mobile=&#8221;&#8221; rt_border_right_mobile=&#8221;&#8221; rt_bg_image_repeat=&#8221;repeat&#8221; rt_bg_size=&#8221;auto auto&#8221; rt_bg_position=&#8221;right top&#8221; rt_bg_attachment=&#8221;scroll&#8221;][vc_column_text]<strong>\u00d6zel \u00d6\u011frenme G\u00fc\u00e7l\u00fc\u011f\u00fc Belirtileri ve \u00d6zellikleri \u015funlard\u0131r:<\/strong><\/p>\n<ul>\n<li>G\u00f6rsel alg\u0131lama g\u00fc\u00e7l\u00fc\u011f\u00fc \u00e7ekebilir. Resimdeki harfleri ve \u015fekilleri \u00e7izmekte zorlanabilirler.<\/li>\n<li>Baz\u0131 harfleri veya rakamlar\u0131 kar\u0131\u015ft\u0131rabilir ve ters yazabilirler.<\/li>\n<li>Okurken yerleri kaybeder veya sat\u0131r atlarlar.<\/li>\n<li>Okudu\u011fu par\u00e7an\u0131n anlam\u0131n\u0131 anlamakta zorlan\u0131r, par\u00e7a ile ilgili sorulara cevap vermekte g\u00fc\u00e7l\u00fck ya\u015fayabilirler.<\/li>\n<li>Dikkat bozuklu\u011fu olabilir. \u0130lgileri kolayca ba\u015fka y\u00f6ne da\u011f\u0131labilirler.<\/li>\n<li>Kalem, makas vb. kullanmada zorluk ya\u015fayabilirler.<\/li>\n<li>Duygu ve d\u00fc\u015f\u00fcncelerini ifade etmekte zorlanabilirler.<\/li>\n<li>Ya\u015f\u0131tlar\u0131yla ileti\u015fim kurma ve uyumda g\u00fc\u00e7l\u00fck ya\u015fayabilir, yaln\u0131z oynamay\u0131 tercih edebilirler.<\/li>\n<\/ul>\n<p>[\/vc_column_text][\/vc_column][\/vc_row]<\/p>\n","protected":false},"excerpt":{"rendered":"<p>[vc_row rt_row_background_width=&#8221;default&#8221; rt_row_style=&#8221;default-style&#8221; rt_row_borders=&#8221;&#8221; rt_row_paddings=&#8221;true&#8221; rt_bg_effect=&#8221;classic&#8221; rt_bg_image_repeat=&#8221;repeat&#8221; rt_bg_size=&#8221;cover&#8221; rt_bg_position=&#8221;right top&#8221; rt_bg_attachment=&#8221;scroll&#8221; rt_bg_video_format=&#8221;self-hosted&#8221;][vc_column rt_wrp_col_paddings=&#8221;false&#8221; rt_border_top=&#8221;&#8221; rt_border_bottom=&#8221;&#8221; rt_border_left=&#8221;&#8221; rt_border_right=&#8221;&#8221; rt_border_top_mobile=&#8221;&#8221; rt_border_bottom_mobile=&#8221;&#8221; rt_border_left_mobile=&#8221;&#8221; rt_border_right_mobile=&#8221;&#8221; rt_bg_image_repeat=&#8221;repeat&#8221; rt_bg_size=&#8221;auto auto&#8221; rt_bg_position=&#8221;right top&#8221; rt_bg_attachment=&#8221;scroll&#8221;][vc_column_text]\u00d6zel \u00d6\u011frenme G\u00fc\u00e7l\u00fc\u011f\u00fc Belirtileri ve \u00d6zellikleri \u015funlard\u0131r: G\u00f6rsel alg\u0131lama g\u00fc\u00e7l\u00fc\u011f\u00fc \u00e7ekebilir. Resimdeki harfleri ve \u015fekilleri \u00e7izmekte zorlanabilirler. Baz\u0131 harfleri veya rakamlar\u0131 kar\u0131\u015ft\u0131rabilir ve ters yazabilirler. Okurken yerleri kaybeder veya [&hellip;]<\/p>\n","protected":false},"author":1,"featured_media":0,"parent":0,"menu_order":0,"comment_status":"closed","ping_status":"closed","template":"","meta":{"footnotes":""},"class_list":["post-3589","page","type-page","status-publish","hentry"],"yoast_head":"<!-- This site is optimized with the Yoast SEO Premium plugin v20.5 (Yoast SEO v23.3) - https:\/\/yoast.com\/wordpress\/plugins\/seo\/ -->\n<title>\u00d6zel \u00d6\u011frenme G\u00fc\u00e7l\u00fc\u011f\u00fc Belirtileri ve \u00d6zellikleri Nelerdir - \u00d6zel E\u011fitim ve Rehabilitasyon Merkezi<\/title>\n<meta name=\"description\" content=\"\u00d6zel \u00d6\u011frenme G\u00fc\u00e7l\u00fc\u011f\u00fc Beli\u0307rti\u0307leri\u0307 Ve \u00d6zelli\u0307kleri\u0307 \u015funlard\u0131r: G\u00f6rsel alg\u0131lama g\u00fc\u00e7l\u00fc\u011f\u00fc \u00e7ekebilir. Resimdeki harfleri ve \u015fekilleri \u00e7izmekte..\" \/>\n<meta name=\"robots\" content=\"index, follow, max-snippet:-1, max-image-preview:large, max-video-preview:-1\" \/>\n<link rel=\"canonical\" href=\"https:\/\/ozelgokkusagi.com.tr\/site1\/ozel-ogrenme-guclugu-beli\u0307rti\u0307leri\u0307-ve-ozelli\u0307kleri\u0307-nelerdi\u0307r\/\" \/>\n<meta property=\"og:locale\" content=\"tr_TR\" \/>\n<meta property=\"og:type\" content=\"article\" \/>\n<meta property=\"og:title\" content=\"\u00d6zel \u00d6\u011frenme G\u00fc\u00e7l\u00fc\u011f\u00fc Belirtileri ve \u00d6zellikleri Nelerdir\" \/>\n<meta property=\"og:description\" content=\"\u00d6zel \u00d6\u011frenme G\u00fc\u00e7l\u00fc\u011f\u00fc Beli\u0307rti\u0307leri\u0307 Ve \u00d6zelli\u0307kleri\u0307 \u015funlard\u0131r: G\u00f6rsel alg\u0131lama g\u00fc\u00e7l\u00fc\u011f\u00fc \u00e7ekebilir. Resimdeki harfleri ve \u015fekilleri \u00e7izmekte..\" \/>\n<meta property=\"og:url\" content=\"https:\/\/ozelgokkusagi.com.tr\/site1\/ozel-ogrenme-guclugu-beli\u0307rti\u0307leri\u0307-ve-ozelli\u0307kleri\u0307-nelerdi\u0307r\/\" \/>\n<meta property=\"og:site_name\" content=\"\u00d6zel E\u011fitim ve Rehabilitasyon Merkezi\" \/>\n<meta property=\"article:modified_time\" content=\"2024-10-12T15:37:09+00:00\" \/>\n<meta name=\"twitter:card\" content=\"summary_large_image\" \/>\n<meta name=\"twitter:label1\" content=\"Tahmini okuma s\u00fcresi\" \/>\n\t<meta name=\"twitter:data1\" content=\"1 dakika\" \/>\n<script type=\"application\/ld+json\" class=\"yoast-schema-graph\">{\"@context\":\"https:\/\/schema.org\",\"@graph\":[{\"@type\":\"WebPage\",\"@id\":\"https:\/\/ozelgokkusagi.com.tr\/site1\/ozel-ogrenme-guclugu-beli%cc%87rti%cc%87leri%cc%87-ve-ozelli%cc%87kleri%cc%87-nelerdi%cc%87r\/\",\"url\":\"https:\/\/ozelgokkusagi.com.tr\/site1\/ozel-ogrenme-guclugu-beli%cc%87rti%cc%87leri%cc%87-ve-ozelli%cc%87kleri%cc%87-nelerdi%cc%87r\/\",\"name\":\"\u00d6zel \u00d6\u011frenme G\u00fc\u00e7l\u00fc\u011f\u00fc Belirtileri ve \u00d6zellikleri Nelerdir - \u00d6zel E\u011fitim ve Rehabilitasyon Merkezi\",\"isPartOf\":{\"@id\":\"https:\/\/ozelgokkusagi.com.tr\/site1\/#website\"},\"datePublished\":\"2024-09-26T00:38:45+00:00\",\"dateModified\":\"2024-10-12T15:37:09+00:00\",\"description\":\"\u00d6zel \u00d6\u011frenme G\u00fc\u00e7l\u00fc\u011f\u00fc Beli\u0307rti\u0307leri\u0307 Ve \u00d6zelli\u0307kleri\u0307 \u015funlard\u0131r: G\u00f6rsel alg\u0131lama g\u00fc\u00e7l\u00fc\u011f\u00fc \u00e7ekebilir. Resimdeki harfleri ve \u015fekilleri \u00e7izmekte..\",\"breadcrumb\":{\"@id\":\"https:\/\/ozelgokkusagi.com.tr\/site1\/ozel-ogrenme-guclugu-beli%cc%87rti%cc%87leri%cc%87-ve-ozelli%cc%87kleri%cc%87-nelerdi%cc%87r\/#breadcrumb\"},\"inLanguage\":\"tr\",\"potentialAction\":[{\"@type\":\"ReadAction\",\"target\":[\"https:\/\/ozelgokkusagi.com.tr\/site1\/ozel-ogrenme-guclugu-beli%cc%87rti%cc%87leri%cc%87-ve-ozelli%cc%87kleri%cc%87-nelerdi%cc%87r\/\"]}]},{\"@type\":\"BreadcrumbList\",\"@id\":\"https:\/\/ozelgokkusagi.com.tr\/site1\/ozel-ogrenme-guclugu-beli%cc%87rti%cc%87leri%cc%87-ve-ozelli%cc%87kleri%cc%87-nelerdi%cc%87r\/#breadcrumb\",\"itemListElement\":[{\"@type\":\"ListItem\",\"position\":1,\"name\":\"Anasayfa\",\"item\":\"https:\/\/ozelgokkusagi.com.tr\/site1\/\"},{\"@type\":\"ListItem\",\"position\":2,\"name\":\"\u00d6zel \u00d6\u011frenme G\u00fc\u00e7l\u00fc\u011f\u00fc Belirtileri ve \u00d6zellikleri Nelerdir\"}]},{\"@type\":\"WebSite\",\"@id\":\"https:\/\/ozelgokkusagi.com.tr\/site1\/#website\",\"url\":\"https:\/\/ozelgokkusagi.com.tr\/site1\/\",\"name\":\"\u00d6zel E\u011fitim ve Rehabilitasyon Merkezi\",\"description\":\"\u00d6zel E\u011fitim ve Rehabilitasyon Merkezi\",\"potentialAction\":[{\"@type\":\"SearchAction\",\"target\":{\"@type\":\"EntryPoint\",\"urlTemplate\":\"https:\/\/ozelgokkusagi.com.tr\/site1\/?s={search_term_string}\"},\"query-input\":\"required name=search_term_string\"}],\"inLanguage\":\"tr\"}]}<\/script>\n<!-- \/ Yoast SEO Premium plugin. -->","yoast_head_json":{"title":"\u00d6zel \u00d6\u011frenme G\u00fc\u00e7l\u00fc\u011f\u00fc Belirtileri ve \u00d6zellikleri Nelerdir - \u00d6zel E\u011fitim ve Rehabilitasyon Merkezi","description":"\u00d6zel \u00d6\u011frenme G\u00fc\u00e7l\u00fc\u011f\u00fc Beli\u0307rti\u0307leri\u0307 Ve \u00d6zelli\u0307kleri\u0307 \u015funlard\u0131r: G\u00f6rsel alg\u0131lama g\u00fc\u00e7l\u00fc\u011f\u00fc \u00e7ekebilir. Resimdeki harfleri ve \u015fekilleri \u00e7izmekte..","robots":{"index":"index","follow":"follow","max-snippet":"max-snippet:-1","max-image-preview":"max-image-preview:large","max-video-preview":"max-video-preview:-1"},"canonical":"https:\/\/ozelgokkusagi.com.tr\/site1\/ozel-ogrenme-guclugu-beli\u0307rti\u0307leri\u0307-ve-ozelli\u0307kleri\u0307-nelerdi\u0307r\/","og_locale":"tr_TR","og_type":"article","og_title":"\u00d6zel \u00d6\u011frenme G\u00fc\u00e7l\u00fc\u011f\u00fc Belirtileri ve \u00d6zellikleri Nelerdir","og_description":"\u00d6zel \u00d6\u011frenme G\u00fc\u00e7l\u00fc\u011f\u00fc Beli\u0307rti\u0307leri\u0307 Ve \u00d6zelli\u0307kleri\u0307 \u015funlard\u0131r: G\u00f6rsel alg\u0131lama g\u00fc\u00e7l\u00fc\u011f\u00fc \u00e7ekebilir. Resimdeki harfleri ve \u015fekilleri \u00e7izmekte..","og_url":"https:\/\/ozelgokkusagi.com.tr\/site1\/ozel-ogrenme-guclugu-beli\u0307rti\u0307leri\u0307-ve-ozelli\u0307kleri\u0307-nelerdi\u0307r\/","og_site_name":"\u00d6zel E\u011fitim ve Rehabilitasyon Merkezi","article_modified_time":"2024-10-12T15:37:09+00:00","twitter_card":"summary_large_image","twitter_misc":{"Tahmini okuma s\u00fcresi":"1 dakika"},"schema":{"@context":"https:\/\/schema.org","@graph":[{"@type":"WebPage","@id":"https:\/\/ozelgokkusagi.com.tr\/site1\/ozel-ogrenme-guclugu-beli%cc%87rti%cc%87leri%cc%87-ve-ozelli%cc%87kleri%cc%87-nelerdi%cc%87r\/","url":"https:\/\/ozelgokkusagi.com.tr\/site1\/ozel-ogrenme-guclugu-beli%cc%87rti%cc%87leri%cc%87-ve-ozelli%cc%87kleri%cc%87-nelerdi%cc%87r\/","name":"\u00d6zel \u00d6\u011frenme G\u00fc\u00e7l\u00fc\u011f\u00fc Belirtileri ve \u00d6zellikleri Nelerdir - \u00d6zel E\u011fitim ve Rehabilitasyon Merkezi","isPartOf":{"@id":"https:\/\/ozelgokkusagi.com.tr\/site1\/#website"},"datePublished":"2024-09-26T00:38:45+00:00","dateModified":"2024-10-12T15:37:09+00:00","description":"\u00d6zel \u00d6\u011frenme G\u00fc\u00e7l\u00fc\u011f\u00fc Beli\u0307rti\u0307leri\u0307 Ve \u00d6zelli\u0307kleri\u0307 \u015funlard\u0131r: G\u00f6rsel alg\u0131lama g\u00fc\u00e7l\u00fc\u011f\u00fc \u00e7ekebilir. Resimdeki harfleri ve \u015fekilleri \u00e7izmekte..","breadcrumb":{"@id":"https:\/\/ozelgokkusagi.com.tr\/site1\/ozel-ogrenme-guclugu-beli%cc%87rti%cc%87leri%cc%87-ve-ozelli%cc%87kleri%cc%87-nelerdi%cc%87r\/#breadcrumb"},"inLanguage":"tr","potentialAction":[{"@type":"ReadAction","target":["https:\/\/ozelgokkusagi.com.tr\/site1\/ozel-ogrenme-guclugu-beli%cc%87rti%cc%87leri%cc%87-ve-ozelli%cc%87kleri%cc%87-nelerdi%cc%87r\/"]}]},{"@type":"BreadcrumbList","@id":"https:\/\/ozelgokkusagi.com.tr\/site1\/ozel-ogrenme-guclugu-beli%cc%87rti%cc%87leri%cc%87-ve-ozelli%cc%87kleri%cc%87-nelerdi%cc%87r\/#breadcrumb","itemListElement":[{"@type":"ListItem","position":1,"name":"Anasayfa","item":"https:\/\/ozelgokkusagi.com.tr\/site1\/"},{"@type":"ListItem","position":2,"name":"\u00d6zel \u00d6\u011frenme G\u00fc\u00e7l\u00fc\u011f\u00fc Belirtileri ve \u00d6zellikleri Nelerdir"}]},{"@type":"WebSite","@id":"https:\/\/ozelgokkusagi.com.tr\/site1\/#website","url":"https:\/\/ozelgokkusagi.com.tr\/site1\/","name":"\u00d6zel E\u011fitim ve Rehabilitasyon Merkezi","description":"\u00d6zel E\u011fitim ve Rehabilitasyon Merkezi","potentialAction":[{"@type":"SearchAction","target":{"@type":"EntryPoint","urlTemplate":"https:\/\/ozelgokkusagi.com.tr\/site1\/?s={search_term_string}"},"query-input":"required name=search_term_string"}],"inLanguage":"tr"}]}},"_links":{"self":[{"href":"https:\/\/ozelgokkusagi.com.tr\/site1\/wp-json\/wp\/v2\/pages\/3589"}],"collection":[{"href":"https:\/\/ozelgokkusagi.com.tr\/site1\/wp-json\/wp\/v2\/pages"}],"about":[{"href":"https:\/\/ozelgokkusagi.com.tr\/site1\/wp-json\/wp\/v2\/types\/page"}],"author":[{"embeddable":true,"href":"https:\/\/ozelgokkusagi.com.tr\/site1\/wp-json\/wp\/v2\/users\/1"}],"replies":[{"embeddable":true,"href":"https:\/\/ozelgokkusagi.com.tr\/site1\/wp-json\/wp\/v2\/comments?post=3589"}],"version-history":[{"count":4,"href":"https:\/\/ozelgokkusagi.com.tr\/site1\/wp-json\/wp\/v2\/pages\/3589\/revisions"}],"predecessor-version":[{"id":3766,"href":"https:\/\/ozelgokkusagi.com.tr\/site1\/wp-json\/wp\/v2\/pages\/3589\/revisions\/3766"}],"wp:attachment":[{"href":"https:\/\/ozelgokkusagi.com.tr\/site1\/wp-json\/wp\/v2\/media?parent=3589"}],"curies":[{"name":"wp","href":"https:\/\/api.w.org\/{rel}","templated":true}]}}