{"id":3598,"date":"2024-09-26T00:59:17","date_gmt":"2024-09-26T00:59:17","guid":{"rendered":"https:\/\/ozelgokkusagi.com.tr\/site1\/?page_id=3598"},"modified":"2024-09-26T00:59:17","modified_gmt":"2024-09-26T00:59:17","slug":"ozel-ogrenme-guclugunde-egitim","status":"publish","type":"page","link":"https:\/\/ozelgokkusagi.com.tr\/site1\/ozel-ogrenme-guclugunde-egitim\/","title":{"rendered":"\u00d6zel \u00d6\u011frenme G\u00fc\u00e7l\u00fc\u011f\u00fcnde E\u011fitim"},"content":{"rendered":"<p>[vc_row rt_row_background_width=&#8221;default&#8221; rt_row_style=&#8221;default-style&#8221; rt_row_borders=&#8221;&#8221; rt_row_paddings=&#8221;true&#8221; rt_bg_effect=&#8221;classic&#8221; rt_bg_image_repeat=&#8221;repeat&#8221; rt_bg_size=&#8221;cover&#8221; rt_bg_position=&#8221;right top&#8221; rt_bg_attachment=&#8221;scroll&#8221; rt_bg_video_format=&#8221;self-hosted&#8221;][vc_column rt_wrp_col_paddings=&#8221;false&#8221; rt_border_top=&#8221;&#8221; rt_border_bottom=&#8221;&#8221; rt_border_left=&#8221;&#8221; rt_border_right=&#8221;&#8221; rt_border_top_mobile=&#8221;&#8221; rt_border_bottom_mobile=&#8221;&#8221; rt_border_left_mobile=&#8221;&#8221; rt_border_right_mobile=&#8221;&#8221; rt_bg_image_repeat=&#8221;repeat&#8221; rt_bg_size=&#8221;auto auto&#8221; rt_bg_position=&#8221;right top&#8221; rt_bg_attachment=&#8221;scroll&#8221;][vc_column_text]\u00d6\u011frenme G\u00fc\u00e7l\u00fc\u011f\u00fc \u00e7eken \u00e7ocukta en iyi tedavi e\u011fitimdir. Bahsedilen \u00d6zel \u00d6\u011frenme G\u00fc\u00e7l\u00fc\u011f\u00fcnde E\u011fitim okulda al\u0131nan e\u011fitimden farkl\u0131 bir e\u011fitimdir. Daha \u00e7ok \u00d6zel E\u011fitim Kurumlar\u0131ndan e\u011fitim almal\u0131d\u0131r.<\/p>\n<p>Bu e\u011fitimde \u00e7ocu\u011fun ya\u015fad\u0131\u011f\u0131 g\u00f6rsel, i\u015fitsel, ard\u0131\u015f\u0131k, motor beceriler, koordinasyon becerileri, okuma-yazma becerileri ve aritmetik beceriler \u00fczerine geli\u015fimlerini destekleyerek ilerleme kaydetmek ama\u00e7lan\u0131r.<\/p>\n<p>Bu e\u011fitimin \u00f6zellikle \u00d6\u011frenme G\u00fc\u00e7l\u00fc\u011f\u00fc ve Dikkat Eksikli\u011fi alanlar\u0131nda e\u011fitim alm\u0131\u015f uzman ki\u015filer taraf\u0131ndan uygulanmas\u0131 gerekmektedir. \u00d6\u011frenme G\u00fc\u00e7l\u00fc\u011f\u00fcn\u00fcn tedavisi evde \u00f6zel ders al\u0131narak veya normal s\u0131n\u0131flarda verilen e\u011fitim m\u00fcfredat\u0131 ile yap\u0131lamaz. \u00c7ocu\u011fa \u00f6zel bir programla e\u011fitim verilerek gidilmesi gerekmektedir.[\/vc_column_text][\/vc_column][\/vc_row][vc_row rt_row_background_width=&#8221;default&#8221; rt_row_style=&#8221;default-style&#8221; rt_row_borders=&#8221;&#8221; rt_row_paddings=&#8221;true&#8221; rt_bg_effect=&#8221;classic&#8221; rt_bg_image_repeat=&#8221;repeat&#8221; rt_bg_size=&#8221;cover&#8221; rt_bg_position=&#8221;right top&#8221; rt_bg_attachment=&#8221;scroll&#8221; rt_bg_video_format=&#8221;self-hosted&#8221;][vc_column rt_wrp_col_paddings=&#8221;false&#8221; rt_border_top=&#8221;&#8221; rt_border_bottom=&#8221;&#8221; rt_border_left=&#8221;&#8221; rt_border_right=&#8221;&#8221; rt_border_top_mobile=&#8221;&#8221; rt_border_bottom_mobile=&#8221;&#8221; rt_border_left_mobile=&#8221;&#8221; rt_border_right_mobile=&#8221;&#8221; rt_bg_image_repeat=&#8221;repeat&#8221; rt_bg_size=&#8221;auto auto&#8221; rt_bg_position=&#8221;right top&#8221; rt_bg_attachment=&#8221;scroll&#8221;]<div class=\"rt_heading_wrapper \">\n\t\t\t\t\t\t<h3 class=\"rt_heading  \" >\u00d6zel \u00d6\u011frenme G\u00fc\u00e7l\u00fc\u011f\u00fc ile Kar\u015f\u0131la\u015ft\u0131\u011f\u0131m\u0131z Durumlarda Neler Yapabiliriz?<\/h3>\n\t\t\t\t\t<\/div>[vc_column_text]<\/p>\n<ul>\n<li>\u00a0Sab\u0131rl\u0131 olun, sesli okumalar yapt\u0131rarak nerelerde hatalar yapt\u0131\u011f\u0131n\u0131 birlikte bulup d\u00fczeltin.<\/li>\n<li>Motive edici olun. \u00d6zg\u00fcvenini mutlaka desteklemelisiniz. Ba\u015far\u0131l\u0131 oldu\u011fu durumlarda tebrik edip \u00f6\u011frenmeyi e\u011flenceli hale getirebilirsiniz.<\/li>\n<li>Kesinlikle ba\u015fkalar\u0131yla k\u0131yaslamay\u0131n.<\/li>\n<li>Oyunlarla destekleyin. Sevdi\u011fi oyunlar\u0131 veya materyalleri birlikte oynayabilirsiniz.<\/li>\n<li>\u00d6zel ilgi alanlar\u0131na ve yeteneklerine y\u00f6nelin. Bu yetenekleri ke\u015ffedip destekleyebilirsiniz.<\/li>\n<li>Mutlaka okul idaresi ve \u00f6\u011fretmeniyle i\u015fbirli\u011fi yap\u0131n ve \u00f6zel e\u011fitim alan\u0131nda uzman e\u011fitimcilerden destek almay\u0131 unutmay\u0131n.<\/li>\n<\/ul>\n<p>[\/vc_column_text][\/vc_column][\/vc_row]<\/p>\n","protected":false},"excerpt":{"rendered":"<p>[vc_row rt_row_background_width=&#8221;default&#8221; rt_row_style=&#8221;default-style&#8221; rt_row_borders=&#8221;&#8221; rt_row_paddings=&#8221;true&#8221; rt_bg_effect=&#8221;classic&#8221; rt_bg_image_repeat=&#8221;repeat&#8221; rt_bg_size=&#8221;cover&#8221; rt_bg_position=&#8221;right top&#8221; rt_bg_attachment=&#8221;scroll&#8221; rt_bg_video_format=&#8221;self-hosted&#8221;][vc_column rt_wrp_col_paddings=&#8221;false&#8221; rt_border_top=&#8221;&#8221; rt_border_bottom=&#8221;&#8221; rt_border_left=&#8221;&#8221; rt_border_right=&#8221;&#8221; rt_border_top_mobile=&#8221;&#8221; rt_border_bottom_mobile=&#8221;&#8221; rt_border_left_mobile=&#8221;&#8221; rt_border_right_mobile=&#8221;&#8221; rt_bg_image_repeat=&#8221;repeat&#8221; rt_bg_size=&#8221;auto auto&#8221; rt_bg_position=&#8221;right top&#8221; rt_bg_attachment=&#8221;scroll&#8221;][vc_column_text]\u00d6\u011frenme G\u00fc\u00e7l\u00fc\u011f\u00fc \u00e7eken \u00e7ocukta en iyi tedavi e\u011fitimdir. Bahsedilen \u00d6zel \u00d6\u011frenme G\u00fc\u00e7l\u00fc\u011f\u00fcnde E\u011fitim okulda al\u0131nan e\u011fitimden farkl\u0131 bir e\u011fitimdir. Daha \u00e7ok \u00d6zel E\u011fitim Kurumlar\u0131ndan e\u011fitim almal\u0131d\u0131r. Bu e\u011fitimde \u00e7ocu\u011fun [&hellip;]<\/p>\n","protected":false},"author":1,"featured_media":0,"parent":0,"menu_order":0,"comment_status":"closed","ping_status":"closed","template":"","meta":{"footnotes":""},"class_list":["post-3598","page","type-page","status-publish","hentry"],"yoast_head":"<!-- This site is optimized with the Yoast SEO Premium plugin v20.5 (Yoast SEO v23.3) - https:\/\/yoast.com\/wordpress\/plugins\/seo\/ -->\n<title>\u00d6zel \u00d6\u011frenme G\u00fc\u00e7l\u00fc\u011f\u00fcnde E\u011fitim - \u00d6zel E\u011fitim ve Rehabilitasyon Merkezi<\/title>\n<meta name=\"description\" content=\"\u00d6\u011frenme G\u00fc\u00e7l\u00fc\u011f\u00fc \u00e7eken \u00e7ocukta en iyi tedavi e\u011fitimdir. Bahsedilen \u00d6zel \u00d6\u011frenme G\u00fc\u00e7l\u00fc\u011f\u00fcnde E\u011fitim okulda al\u0131nan e\u011fitimden farkl\u0131 bir e\u011fitimdir\" \/>\n<meta name=\"robots\" content=\"index, follow, max-snippet:-1, max-image-preview:large, max-video-preview:-1\" \/>\n<link rel=\"canonical\" href=\"https:\/\/ozelgokkusagi.com.tr\/site1\/ozel-ogrenme-guclugunde-egitim\/\" \/>\n<meta property=\"og:locale\" content=\"tr_TR\" \/>\n<meta property=\"og:type\" content=\"article\" \/>\n<meta property=\"og:title\" content=\"\u00d6zel \u00d6\u011frenme G\u00fc\u00e7l\u00fc\u011f\u00fcnde E\u011fitim\" \/>\n<meta property=\"og:description\" content=\"\u00d6\u011frenme G\u00fc\u00e7l\u00fc\u011f\u00fc \u00e7eken \u00e7ocukta en iyi tedavi e\u011fitimdir. Bahsedilen \u00d6zel \u00d6\u011frenme G\u00fc\u00e7l\u00fc\u011f\u00fcnde E\u011fitim okulda al\u0131nan e\u011fitimden farkl\u0131 bir e\u011fitimdir\" \/>\n<meta property=\"og:url\" content=\"https:\/\/ozelgokkusagi.com.tr\/site1\/ozel-ogrenme-guclugunde-egitim\/\" \/>\n<meta property=\"og:site_name\" content=\"\u00d6zel E\u011fitim ve Rehabilitasyon Merkezi\" \/>\n<meta name=\"twitter:card\" content=\"summary_large_image\" \/>\n<meta name=\"twitter:label1\" content=\"Tahmini okuma s\u00fcresi\" \/>\n\t<meta name=\"twitter:data1\" content=\"2 dakika\" \/>\n<script type=\"application\/ld+json\" class=\"yoast-schema-graph\">{\"@context\":\"https:\/\/schema.org\",\"@graph\":[{\"@type\":\"WebPage\",\"@id\":\"https:\/\/ozelgokkusagi.com.tr\/site1\/ozel-ogrenme-guclugunde-egitim\/\",\"url\":\"https:\/\/ozelgokkusagi.com.tr\/site1\/ozel-ogrenme-guclugunde-egitim\/\",\"name\":\"\u00d6zel \u00d6\u011frenme G\u00fc\u00e7l\u00fc\u011f\u00fcnde E\u011fitim - \u00d6zel E\u011fitim ve Rehabilitasyon Merkezi\",\"isPartOf\":{\"@id\":\"https:\/\/ozelgokkusagi.com.tr\/site1\/#website\"},\"datePublished\":\"2024-09-26T00:59:17+00:00\",\"dateModified\":\"2024-09-26T00:59:17+00:00\",\"description\":\"\u00d6\u011frenme G\u00fc\u00e7l\u00fc\u011f\u00fc \u00e7eken \u00e7ocukta en iyi tedavi e\u011fitimdir. Bahsedilen \u00d6zel \u00d6\u011frenme G\u00fc\u00e7l\u00fc\u011f\u00fcnde E\u011fitim okulda al\u0131nan e\u011fitimden farkl\u0131 bir e\u011fitimdir\",\"breadcrumb\":{\"@id\":\"https:\/\/ozelgokkusagi.com.tr\/site1\/ozel-ogrenme-guclugunde-egitim\/#breadcrumb\"},\"inLanguage\":\"tr\",\"potentialAction\":[{\"@type\":\"ReadAction\",\"target\":[\"https:\/\/ozelgokkusagi.com.tr\/site1\/ozel-ogrenme-guclugunde-egitim\/\"]}]},{\"@type\":\"BreadcrumbList\",\"@id\":\"https:\/\/ozelgokkusagi.com.tr\/site1\/ozel-ogrenme-guclugunde-egitim\/#breadcrumb\",\"itemListElement\":[{\"@type\":\"ListItem\",\"position\":1,\"name\":\"Anasayfa\",\"item\":\"https:\/\/ozelgokkusagi.com.tr\/site1\/\"},{\"@type\":\"ListItem\",\"position\":2,\"name\":\"\u00d6zel \u00d6\u011frenme G\u00fc\u00e7l\u00fc\u011f\u00fcnde E\u011fitim\"}]},{\"@type\":\"WebSite\",\"@id\":\"https:\/\/ozelgokkusagi.com.tr\/site1\/#website\",\"url\":\"https:\/\/ozelgokkusagi.com.tr\/site1\/\",\"name\":\"\u00d6zel E\u011fitim ve Rehabilitasyon Merkezi\",\"description\":\"\u00d6zel E\u011fitim ve Rehabilitasyon Merkezi\",\"potentialAction\":[{\"@type\":\"SearchAction\",\"target\":{\"@type\":\"EntryPoint\",\"urlTemplate\":\"https:\/\/ozelgokkusagi.com.tr\/site1\/?s={search_term_string}\"},\"query-input\":\"required name=search_term_string\"}],\"inLanguage\":\"tr\"}]}<\/script>\n<!-- \/ Yoast SEO Premium plugin. -->","yoast_head_json":{"title":"\u00d6zel \u00d6\u011frenme G\u00fc\u00e7l\u00fc\u011f\u00fcnde E\u011fitim - \u00d6zel E\u011fitim ve Rehabilitasyon Merkezi","description":"\u00d6\u011frenme G\u00fc\u00e7l\u00fc\u011f\u00fc \u00e7eken \u00e7ocukta en iyi tedavi e\u011fitimdir. Bahsedilen \u00d6zel \u00d6\u011frenme G\u00fc\u00e7l\u00fc\u011f\u00fcnde E\u011fitim okulda al\u0131nan e\u011fitimden farkl\u0131 bir e\u011fitimdir","robots":{"index":"index","follow":"follow","max-snippet":"max-snippet:-1","max-image-preview":"max-image-preview:large","max-video-preview":"max-video-preview:-1"},"canonical":"https:\/\/ozelgokkusagi.com.tr\/site1\/ozel-ogrenme-guclugunde-egitim\/","og_locale":"tr_TR","og_type":"article","og_title":"\u00d6zel \u00d6\u011frenme G\u00fc\u00e7l\u00fc\u011f\u00fcnde E\u011fitim","og_description":"\u00d6\u011frenme G\u00fc\u00e7l\u00fc\u011f\u00fc \u00e7eken \u00e7ocukta en iyi tedavi e\u011fitimdir. Bahsedilen \u00d6zel \u00d6\u011frenme G\u00fc\u00e7l\u00fc\u011f\u00fcnde E\u011fitim okulda al\u0131nan e\u011fitimden farkl\u0131 bir e\u011fitimdir","og_url":"https:\/\/ozelgokkusagi.com.tr\/site1\/ozel-ogrenme-guclugunde-egitim\/","og_site_name":"\u00d6zel E\u011fitim ve Rehabilitasyon Merkezi","twitter_card":"summary_large_image","twitter_misc":{"Tahmini okuma s\u00fcresi":"2 dakika"},"schema":{"@context":"https:\/\/schema.org","@graph":[{"@type":"WebPage","@id":"https:\/\/ozelgokkusagi.com.tr\/site1\/ozel-ogrenme-guclugunde-egitim\/","url":"https:\/\/ozelgokkusagi.com.tr\/site1\/ozel-ogrenme-guclugunde-egitim\/","name":"\u00d6zel \u00d6\u011frenme G\u00fc\u00e7l\u00fc\u011f\u00fcnde E\u011fitim - \u00d6zel E\u011fitim ve Rehabilitasyon Merkezi","isPartOf":{"@id":"https:\/\/ozelgokkusagi.com.tr\/site1\/#website"},"datePublished":"2024-09-26T00:59:17+00:00","dateModified":"2024-09-26T00:59:17+00:00","description":"\u00d6\u011frenme G\u00fc\u00e7l\u00fc\u011f\u00fc \u00e7eken \u00e7ocukta en iyi tedavi e\u011fitimdir. Bahsedilen \u00d6zel \u00d6\u011frenme G\u00fc\u00e7l\u00fc\u011f\u00fcnde E\u011fitim okulda al\u0131nan e\u011fitimden farkl\u0131 bir e\u011fitimdir","breadcrumb":{"@id":"https:\/\/ozelgokkusagi.com.tr\/site1\/ozel-ogrenme-guclugunde-egitim\/#breadcrumb"},"inLanguage":"tr","potentialAction":[{"@type":"ReadAction","target":["https:\/\/ozelgokkusagi.com.tr\/site1\/ozel-ogrenme-guclugunde-egitim\/"]}]},{"@type":"BreadcrumbList","@id":"https:\/\/ozelgokkusagi.com.tr\/site1\/ozel-ogrenme-guclugunde-egitim\/#breadcrumb","itemListElement":[{"@type":"ListItem","position":1,"name":"Anasayfa","item":"https:\/\/ozelgokkusagi.com.tr\/site1\/"},{"@type":"ListItem","position":2,"name":"\u00d6zel \u00d6\u011frenme G\u00fc\u00e7l\u00fc\u011f\u00fcnde E\u011fitim"}]},{"@type":"WebSite","@id":"https:\/\/ozelgokkusagi.com.tr\/site1\/#website","url":"https:\/\/ozelgokkusagi.com.tr\/site1\/","name":"\u00d6zel E\u011fitim ve Rehabilitasyon Merkezi","description":"\u00d6zel E\u011fitim ve Rehabilitasyon Merkezi","potentialAction":[{"@type":"SearchAction","target":{"@type":"EntryPoint","urlTemplate":"https:\/\/ozelgokkusagi.com.tr\/site1\/?s={search_term_string}"},"query-input":"required name=search_term_string"}],"inLanguage":"tr"}]}},"_links":{"self":[{"href":"https:\/\/ozelgokkusagi.com.tr\/site1\/wp-json\/wp\/v2\/pages\/3598"}],"collection":[{"href":"https:\/\/ozelgokkusagi.com.tr\/site1\/wp-json\/wp\/v2\/pages"}],"about":[{"href":"https:\/\/ozelgokkusagi.com.tr\/site1\/wp-json\/wp\/v2\/types\/page"}],"author":[{"embeddable":true,"href":"https:\/\/ozelgokkusagi.com.tr\/site1\/wp-json\/wp\/v2\/users\/1"}],"replies":[{"embeddable":true,"href":"https:\/\/ozelgokkusagi.com.tr\/site1\/wp-json\/wp\/v2\/comments?post=3598"}],"version-history":[{"count":1,"href":"https:\/\/ozelgokkusagi.com.tr\/site1\/wp-json\/wp\/v2\/pages\/3598\/revisions"}],"predecessor-version":[{"id":3599,"href":"https:\/\/ozelgokkusagi.com.tr\/site1\/wp-json\/wp\/v2\/pages\/3598\/revisions\/3599"}],"wp:attachment":[{"href":"https:\/\/ozelgokkusagi.com.tr\/site1\/wp-json\/wp\/v2\/media?parent=3598"}],"curies":[{"name":"wp","href":"https:\/\/api.w.org\/{rel}","templated":true}]}}